 Let m(x) = 5*j(x) + 3*p(x). Let s be m(10). Calculate the highest common factor of s and 144.
16
Let v = 5 + -12. Let o(n) = n**2 + 6*n + 2. Let s be o(v). Suppose 0 = 3*u - 72 - 36. What is the greatest common divisor of u and s?
9
Let m = -17 + 26. Suppose 14*d = 5*d + 1215. Suppose -45 = -w - k, 0*k - 4*k = 3*w - d. What is the highest common divisor of m and w?
9
Let w be 29 - ((5 - 9) + (-2 - -8)). What is the highest common factor of 2133 and w?
27
Suppose 33 - 25 = f. Suppose 5*j + 4*m - 25 = 0, 20 + 5 = 5*j + 5*m. Let s be (-8 + j)*80/(-6). Calculate the highest common factor of f and s.
8
Let x(y) = 4*y**2 - 2*y + 4. Let c be x(6). Suppose 5*w = -3*v + 75, 17 = v + w - 8. Let q = 42 - v. Calculate the greatest common divisor of q and c.
17
Suppose 3*l - 16 = 2*l. Let p(d) = -2*d - 4. Let a be p(-10). Calculate the highest common divisor of a and l.
16
Let h = 1487 + -1341. What is the highest common divisor of h and 511?
73
Let u(r) = -r**2 + 2. Let t be u(-2). Let i be t - -5 - (-198)/6. Suppose 0 = z - 5*z + 36. What is the greatest common factor of z and i?
9
Suppose 0 = -2*l + 111 - 31. Calculate the highest common factor of 460 and l.
20
Let j(x) = x + 11. Let y be j(-6). Suppose -8*p + 321 = -y*p. Let r be p - ((-14)/(-2) + -4). What is the greatest common divisor of 13 and r?
13
Let f(o) = 28*o + 616. Let r be f(6). Calculate the highest common factor of 49 and r.
49
Suppose -196 = -3*n - 61. Calculate the highest common divisor of n and 36.
9
Suppose 11*u = -22 + 2453. Calculate the greatest common factor of 34 and u.
17
Let w be ((-2691)/13)/(9/(-12)). What is the highest common factor of 483 and w?
69
Suppose 0 = -40*y + 39*y + 24. What is the greatest common factor of y and 216?
24
Suppose -2*a + 8 - 6 = 4*r, -2*a + 37 = -3*r. Let k = 249 + -150. Calculate the highest common divisor of a and k.
11
Let b(l) = 20*l**2 + 12*l + 68. Let h be b(-5). Calculate the highest common divisor of h and 4.
4
Let a = -4 + -48. Let i = a + 72. What is the highest common factor of i and 12?
4
Let o be 2*(7 - (0/(-6))/4). Calculate the highest common factor of 742 and o.
14
Suppose 4*c + 27 = i, 3*i + i + c - 57 = 0. Suppose t = -0*t - i. Let j = 41 + t. Calculate the highest common divisor of 52 and j.
26
Suppose 0 = -3*h + 2*h - 18. Let d(o) = o**3 + 9*o**2 - 20. Let g be d(-9). Let j = h - g. Calculate the greatest common factor of 2 and j.
2
Let x(p) = 4*p + 3*p + 4 - 9 + 0*p. Let w(h) = h + 12. Let y be w(-8). Let a be x(y). What is the greatest common divisor of 23 and a?
23
Let x = 72 - 66. What is the highest common factor of 12 and x?
6
Suppose 7*r - 419 = 2*r + 4*x, -83 = -r + x. Let v = r + -63. What is the greatest common divisor of v and 36?
12
Suppose 16 = -g + 52. Suppose -3*s = -8*s + 60. What is the greatest common factor of s and g?
12
Let y(j) = -j**3 - 2*j**2 - 5*j - 10. Let f be 78/(-18) + (-1)/(-3). Let l be y(f). Let o be (-28)/(-3)*3/2. Calculate the highest common divisor of l and o.
14
Let j be 20 + -21 - 3*(-26)/3. Calculate the greatest common divisor of j and 50.
25
Let d = 240 - 157. Suppose -3*x + 2*x + d = 4*k, 4*k - 2*x - 74 = 0. What is the highest common divisor of 4 and k?
4
Let p be (4/(-12))/(7/(-567)). Calculate the greatest common divisor of p and 3.
3
Suppose -55*h = -22653 - 105222. What is the highest common divisor of 75 and h?
75
Let j(b) = b**2 + 10*b - 341. Let f be j(-26). Calculate the greatest common divisor of 27 and f.
3
Let g be (-17)/(102/100)*24/(-10). Calculate the highest common divisor of 250 and g.
10
Suppose 10 = 4*h + h. Let q be 3/(-2)*(h - 4 - 2). Calculate the greatest common divisor of q and 24.
6
Let c(w) = -w**3 - 6*w**2 + 7*w + 6. Let b be c(-7). Let t(v) = -20*v + 124. Let k be t(5). What is the greatest common factor of k and b?
6
Let g(z) = 2*z**2 + 6*z + 11. Let m(w) = -w**2 - 13*w + 9. Let n be m(-14). Let b be g(n). Calculate the greatest common factor of 31 and b.
31
Suppose -233*i + 294 = -231*i. Calculate the highest common factor of 63 and i.
21
Let c be (1/(-2))/(5/470 - 0). Let y = -26 - c. What is the highest common factor of 14 and y?
7
Let x be 55/1 - (-2)/2. Let o = -51 - -72. Let m be o/(-4*(-3)/8). Calculate the highest common divisor of x and m.
14
Let x = 231 - 66. Suppose 0 = h + 2*h - x. Suppose 14*f + 286 = 27*f. What is the greatest common factor of f and h?
11
Let f(s) = -s**2 + 7*s + 5. Let n be f(7). Let u(p) = 2*p**3 - 6*p**2 - 4*p. Let b be u(n). Calculate the greatest common divisor of b and 16.
16
Suppose -3*x - 3*w + 9 = 0, x + 1 = w + 2*w. Suppose 8*k - 1080 = -x*k. Calculate the highest common factor of k and 24.
12
Let m = 1 - -1. Suppose 0 = 3*c + 2*b - 23, -4*c - m*b + 4*b = -40. Let o be ((-1)/(-2))/((-1)/(-2)). Calculate the highest common factor of c and o.
1
Let k(u) = u**3 + 4*u**2 + u - 1. Let i be k(3). Let d(g) = 135*g + 283. Let f be d(-2). Calculate the greatest common factor of i and f.
13
Let y(r) = -r**3 - 44*r**2 + 42*r - 120. Let h be y(-45). What is the greatest common factor of 12 and h?
3
Suppose 0 = -4*d + 2*l + 16 + 34, -l = -d + 11. Let o be 1/(2*2/112). What is the greatest common factor of o and d?
14
Let a(p) = p**2 - 4*p - 6. Let o be a(6). Suppose 0 = 207*x - 252*x + 90. Calculate the highest common factor of x and o.
2
Suppose 50*z - 3094 = 36*z. Calculate the greatest common factor of 34 and z.
17
Let f(x) = x**2 - 2*x + 3. Let z(w) = w**2 + 4*w - 8. Let o be z(-6). Let u be f(o). Let t = -2465 + 2498. Calculate the greatest common factor of t and u.
11
Suppose -12*y + 338 = y. Suppose 2*v - y = 5*o + 141, 0 = 5*o + 15. Calculate the highest common divisor of 19 and v.
19
Let y be (-8)/(-44) + 2520/55. Let x(k) = 4*k**2 - 8*k + 9. Let s be x(5). What is the greatest common factor of y and s?
23
Suppose -68*a + 91*a = 368. Calculate the highest common factor of a and 48.
16
Suppose 48*u + 1470 = 4830. Calculate the highest common factor of u and 250.
10
Let o(m) = 12*m - 8. Let t be o(4). What is the greatest common divisor of 32 and t?
8
Let k(b) = b**3 - 3*b**2 - 2*b + 1. Let v be k(4). Let s = 34 + -35. Let d be 1*(4 + s) - 2. Calculate the highest common factor of v and d.
1
Suppose m + 2*t = 6, -2*t + 15 = 3*m + t. Suppose 3*o - 2*p = 21, 5*p = p - 12. Let l be 3/o - 141/(-15). Calculate the greatest common divisor of m and l.
2
Let i(l) = -4*l - 122. Let z be i(-34). Calculate the greatest common divisor of 14 and z.
14
Let m be (-4)/(0 + 3 + (-40)/12). Let h(t) = t + 11. Let q be h(-9). Suppose p = q*p - 60. Calculate the greatest common factor of p and m.
12
Let l be (-18)/24*(-2 + -46). Suppose 349 = 7*p - l. Calculate the greatest common divisor of p and 11.
11
Let c(x) = -2*x**3 - 4*x**2 - x + 3. Let b be c(-2). Calculate the highest common factor of 75 and b.
5
Suppose -9*w + 23*w - 910 = 0. Calculate the highest common factor of 5 and w.
5
Suppose -z + 4*d = -128 - 175, -5*d - 594 = -2*z. What is the highest common factor of 21 and z?
7
Let l = 26 + -4. Suppose -2*u + 2*s = -u + l, -2*s + 8 = 0. Let c = 20 + u. Calculate the highest common divisor of c and 6.
6
Let i = -1369 + 1384. Calculate the highest common factor of 105 and i.
15
Suppose -4*p - 65 = -9. Let r(b) be the second derivative of b**3/6 + 13*b**2 + 4*b. Let n be r(p). Calculate the highest common factor of 18 and n.
6
Let a be 4/10 - 5/((-200)/4824). What is the greatest common divisor of a and 11?
11
Suppose -62*n = -57*n - 5640. What is the greatest common divisor of 24 and n?
24
Suppose 4*g - 3*t + 8 = -2*t, 2*g + 22 = 5*t. Let q(o) = 62*o**2 - 5*o - 3. Let u be q(g). What is the greatest common factor of 96 and u?
32
Suppose -420 = 174*g - 180*g. Calculate the highest common divisor of 320 and g.
10
Let z = 2 + 0. Suppose 0 = z*b - 9 - 27. Suppose -s + 5 = -13. Calculate the highest common factor of b and s.
18
Let v be (-144)/(-8) - 5 - -5. Calculate the greatest common factor of 432 and v.
18
Suppose 4*v - 84 = 2*v. Let r be v + (-2)/(-3)*3. Let a(m) = 4*m - 21. Let q be a(8). Calculate the greatest common factor of q and r.
11
Suppose 0 = 2*k - 39 + 1. Let w be (-16)/(-7) - (-3 + (-115)/(-35)). Suppose 0 = n - w*n + 171. Calculate the highest common factor of n and k.
19
Let a be ((-184)/(-10))/(1/((-65)/(-26))). Calculat